 -1042404?
1042404
In base 12, what is 6118 - 12?
6106
In base 15, what is -5 - -3b54?
3b4e
In base 5, what is -1202202 + 212?
-1201440
In base 9, what is -20886 + -5?
-21002
In base 8, what is 5 - 115671?
-115664
In base 5, what is 112 + 1423121?
1423233
In base 11, what is -83 + 1584?
1501
In base 13, what is -13950 + -13?
-13963
In base 8, what is 416 + 2074?
2512
In base 14, what is -1 - 1c98?
-1c99
In base 3, what is 2220 + 10221021?
11001011
In base 2, what is -110110001 + -1011000111?
-10001111000
In base 2, what is -1101111000110001011000 - 0?
-1101111000110001011000
In base 4, what is 3 - -1001133310?
1001133313
In base 8, what is -44074 + 15?
-44057
In base 11, what is 5 - -10921?
10926
In base 5, what is 4033432 - 2?
4033430
In base 16, what is 518d8 - -1?
518d9
In base 8, what is 3 + -3770645?
-3770642
In base 12, what is 2 - -9a8?
9aa
In base 16, what is -5 - 3972?
-3977
In base 10, what is -2 - 3639?
-3641
In base 15, what is 0 + -e3212?
-e3212
In base 7, what is -136053552 + -2?
-136053554
In base 13, what is -36 - -471a2?
47169
In base 5, what is 1 + -123321?
-123320
In base 9, what is 274832 - 3?
274828
In base 13, what is -4c1 - -722?
231
In base 15, what is -1b + 167?
14b
In base 15, what is 5 + -b66?
-b61
In base 9, what is 2888 + 4?
3003
In base 9, what is 1 + 5057?
5058
In base 8, what is -2426226 - 3?
-2426231
In base 5, what is -11321120 - 10?
-11321130
In base 14, what is 270 - 18?
256
In base 2, what is 10001100101010 + 1111101?
10001110100111
In base 3, what is -12000 + 20011112?
12222112
In base 14, what is -4dab3 - 4?
-4dab7
In base 10, what is 1349 + 64?
1413
In base 11, what is -3 + 505a19?
505a16
In base 4, what is -10 + 20001300?
20001230
In base 10, what is 1390 - -50?
1440
In base 16, what is -2 - 2017?
-2019
In base 9, what is -18 + 233162?
233143
In base 10, what is 1375363 + -4?
1375359
In base 9, what is -10626 + -1?
-10627
In base 15, what is -5 + 17a967?
17a962
In base 10, what is -6 + -51142?
-51148
In base 13, what is -9 + 320c?
3203
In base 6, what is -12035313 - -1?
-12035312
In base 4, what is 12313023 - -10?
12313033
In base 14, what is -3 - -4263?
4260
In base 8, what is -327 - -1264?
735
In base 3, what is 10010 - -21101200?
21111210
In base 12, what is 11431 - 36?
113b7
In base 9, what is -16404 + -10?
-16414
In base 13, what is 41c - 25?
3c7
In base 3, what is -21020222 + 1010?
-21012212
In base 2, what is -1011000000101110 - 100001?
-1011000001001111
In base 4, what is -100 + 1011322?
1011222
In base 14, what is -23225 + 5?
-23220
In base 5, what is -21 + 40310?
40234
In base 4, what is -2031301 + 20?
-2031221
In base 9, what is -1253 - 18?
-1272
In base 5, what is -4422 - 44242?
-104214
In base 9, what is -2046 + -72?
-2128
In base 9, what is 2 + 557822?
557824
In base 3, what is -21121020 - 110?
-21121200
In base 4, what is 1 - 23101221?
-23101220
In base 10, what is -178664 - -4?
-178660
In base 14, what is -19813 - 4?
-19817
In base 4, what is 31 - -12132331?
12133022
In base 8, what is -1 + 76360?
76357
In base 13, what is b - 1039?
-102b
In base 2, what is -10 - -100100000110111110?
100100000110111100
In base 14, what is 19 - -7c044?
7c05d
In base 15, what is 1ad09 - 1?
1ad08
In base 14, what is -5 + -140800?
-140805
In base 6, what is 5455 + 45?
5544
In base 12, what is b69 - -2?
b6b
In base 12, what is -137 - -1346?
120b
In base 7, what is -5026113 - -2?
-5026111
In base 15, what is a00 + -63?
98c
In base 7, what is -12026 - 432?
-12461
In base 3, what is -1 - -21221212?
21221211
In base 10, what is 523201 - 3?
523198
In base 16, what is 3f7a8f - -5?
3f7a94
In base 7, what is 1053 - 22?
1031
In base 10, what is 633 + 36?
669
In base 8, what is 47543 + -2?
47541
In base 2, what is 11011101110011100 + -1?
11011101110011011
In base 7, what is -252514 - -5?
-252506
In base 11, what is -59 - 171a0?
-17249
In base 16, what is -f3 + c8?
-2b
In base 16, what is 7 + -1315?
-130e
In base 12, what is -4a160 + -2?
-4a162
In base 5, what is -12 + -101031?
-101043
In base 16, what is 35 + 27?
5c
In base 2, what is 10111101 - 101111111?
-11000010
In base 14, what is 7 - 180b?
-1804
In base 8, what is -54 - -3724?
3650
In base 2, what is 10111100 - -10011101000101?
10100000000001
In base 13, what is 45a + 122?
57c
In base 2, what is -10011000000101 - 1011011?
-10011001100000
In base 14, what is 3c + 328?
366
In base 11, what is 9 - 1650a?
-16501
In base 5, what is 2 - -201?
203
In base 8, what is 1 - -2630612?
2630613
In base 2, what is 11 - -1100001010000011?
1100001010000110
In base 15, what is 4 + -c902?
-c8ed
In base 4, what is -201 - 1001020?
-1001221
In base 14, what is -3 + -b6d6?
-b6d9
In base 13, what is -5 + -1269c?
-126a4
In base 3, what is -1101222 + -112111?
-1221110
In base 4, what is 1332031230 + -10?
1332031220
In base 8, what is -2 - -106036?
106034
In base 11, what is -406 - -a7?
-30a
In base 11, what is 5 + 4002a4?
4002a9
In base 12, what is -3 - -777?
774
In base 11, what is 29629 - 4?
29625
In base 4, what is -12 - -1123030?
1123012
In base 11, what is -15 - a2?
-107
In base 4, what is 10320113023 - -3?
10320113032
In base 9, what is 2 + -167820?
-167817
In base 8, what is -77 - 1326?
-1425
In base 9, what is -1 - -825563?
825562
In base 2, what is 1 + -1110000001101?
-1110000001100
In base 7, what is 123 - 16644?
-16521
In base 2, what is 11 - 100011001100111100001?
-100011001100111011110
In base 16, what is 0 - -160d4?
160d4
In base 6, what is -12012023 - 5?
-12012032
In base 9, what is 14033 + 130?
14163
In base 5, what is -340123 + 113?
-340010
In base 2, what is 1111100110 - -11110000?
10011010110
In base 11, what is -122a7 - -4?
-122a3
In base 14, what is d20a + 9?
d215
In base 14, what is b981d - -1?
b9820
In base 2, what is -1 + 11011001?
11011000
In base 13, what is -3b - a24?
-a62
In base 13, what is 40 + -356?
-316
In base 5, what is -10 - -132201?
132141
In base 15, what is -2019a3 + -5?
-2019a8
In base 16, what is 3 + -1be01?
-1bdfe
In base 11, what is 124 - 567?
-443
In base 3, what is -2110020202220 + -11?
-2110020210001
In base 5, what is -340 - 440?
-1330
In base 11, what is -4611 - 6?
-4617
In base 15, what is 356 + 56?
3ac
In base 7, what is 10066 - -5?
10104
In base 3, what is -2210001120 + -1010?
-2210002200
In base 3, what is 20000002121 + 1?
20000002122
In base 13, what is 5 - -2b0c?
2b14
In base 3, what is 122020200 + -21?
122020102
In base 14, what is -17691 - -1?
-17690
In base 3, what is 22210012 + -11?
22210001
In base 3, what is -10 + -2222021200?
-2222021210
In base 2, what is 11100101 + -11111111?
-11010
In base 6, what is -25 + -2153?
-2222
In base 10, what is 26004 + -3?
26001
In base 9, what is -616724 + 1?
-616723
In base 9, what is 23 + -2022?
-1888
In base 15, what is 11 - e56?
-e45
In base 8, what is 255164 + -2?
255162
In base 7, what is 1 - 23000?
-22666
In base 2, what is 10010110110100111 + 100?
10010110110101011
In base 4, what is 3 - 2031201?
-2031132
In base 12, what is -20 + -137?
-157
In base 13, what is -12 - -47913?
47901
In base 15, what is b8e86 - -5?
b8e8b
In base 11, what is 3311 + a?
3320
In base 3, what is 21010 - 1102210?
-1011200
In base 7, what is -306 - 42003?
-42312
In base 3, what is -21020201001001 - -11?
-21020201000220
In base 5, what is -1203210 + -10?
-1203220
In base 7, what is -630534 - -3?
-630531
In base 10, what is 137440 + 16?
137456
In base 15, what is 3 + -1048b0?
-1048ac
In base 10, what is 2 - -44135?
44137
In base 6, what is -2114321 + -10?
-2114331
In base 13, what is 1782 + 14?
1796
In base 11, what is -33034 + -3?
-33037
In base 11, what is 4 + -17346?
-17342
In base 9, what is 1413 + -535?
767
In base 13, what is 0 + 72b43?
72b43
In base 6, what is 10 - 1053140?
-1053130
In base 10, what is -4 - -39319?
39315
In base 2, what is -1111101001 - 11001?
-10000000010
In base 8, what is 141 - -216?
357
In base 4, what is 132032110 + -22?
132032022
In base 3, what is 102021 + -102222?
-201
In base 5, what is -2241 + 204?
-2032
In base 15, what is 15aa - -e5?
16a0
In base 5, what is -13401 - 212?
-14113
In base 15, what is 398a3 - 2?
398a1
In base 16, what is c0 - -de?
19e
In base 5, what is -12 - 140103?
-140120
In base 13, what is 0 + 10c026?
10c026
In base 5, what is 4 - -2004022?
2004031
In base 9, w